{"id":25,"date":"2021-08-08T15:44:40","date_gmt":"2021-08-08T13:44:40","guid":{"rendered":"http:\/\/luc-henrion.be\/?page_id=25"},"modified":"2021-08-14T15:00:12","modified_gmt":"2021-08-14T13:00:12","slug":"a-propos-de","status":"publish","type":"page","link":"https:\/\/luc-henrion.be\/index.php\/a-propos-de\/","title":{"rendered":"Biographie"},"content":{"rendered":"\n<div class=\"wp-block-group\"><div class=\"wp-block-group__inner-container is-layout-flow wp-block-group-is-layout-flow\">\n<p class=\"has-primary-color has-background-background-color has-text-color has-background has-small-font-size\">N\u00e9 \u00e0 Anderlecht, le 29-06-1954, mari\u00e9, p\u00e8re de trois enfants, grand-p\u00e8re de sept (7!) petits-enfants<\/p>\n\n\n\n<p class=\"has-primary-color has-background-background-color has-text-color has-background has-small-font-size\"><strong>Formation<\/strong><\/p>\n\n\n\n<p class=\"has-primary-color has-background-background-color has-text-color has-background has-small-font-size\">Etudes gr\u00e9co-latines, licence en philologie romane (UCL), prix de conservatoire en solf\u00e8ge et piano (conservatoire de Namur).<\/p>\n\n\n\n<p class=\"has-primary-color has-background-background-color has-text-color has-background has-small-font-size\">Cours par correspondance en \u00e9lectronique. Autodidacte en guitare, guitare basse, harmonica, percussions, etc. Autodidacte dans les domaines de la prise de son, de l&rsquo;informatique et des synth\u00e9tiseurs.<\/p>\n\n\n\n<p class=\"has-primary-color has-background-background-color has-text-color has-background has-small-font-size\"><strong>Exp\u00e9rience professionnelle<\/strong><\/p>\n\n\n\n<p class=\"has-primary-color has-background-background-color has-text-color has-background has-small-font-size\">Professeur de musique dans l&rsquo;enseignement secondaire &#8211; Bxl (1978-1982)<\/p>\n\n\n\n<p class=\"has-primary-color has-background-background-color has-text-color has-background has-small-font-size\">Ing\u00e9nieur du son &#8211; Media Animation (1983)<\/p>\n\n\n\n<p class=\"has-primary-color has-background-background-color has-text-color has-background has-small-font-size\">Vendeur sp\u00e9cialis\u00e9 en synth\u00e9tiseurs et mat\u00e9riel audio professionnel (1984-1986)<\/p>\n\n\n\n<p class=\"has-primary-color has-background-background-color has-text-color has-background has-small-font-size\">Studio d&rsquo;enregistrement et de post-production ind\u00e9pendant (1986-&#8230;)<\/p>\n\n\n\n<p class=\"has-primary-color has-background-background-color has-text-color has-background has-small-font-size\">Chroniqueur pour le mensuel Meet Music Magazine (tests de claviers, mat\u00e9riel audio professionnel, et articles de vulgarisation) (1991-2002)<\/p>\n\n\n\n<p class=\"has-primary-color has-background-background-color has-text-color has-background has-small-font-size\"><strong>Compositeur &#8211; musicien<\/strong><\/p>\n\n\n\n<p class=\"has-primary-color has-background-background-color has-text-color has-background has-small-font-size\"><em><strong>&#8211; Musiques de films<\/strong><\/em><\/p>\n\n\n\n<p class=\"has-primary-color has-background-background-color has-text-color has-background has-small-font-size\">&#8211; Institutionnels &amp; publicitaires (+ de 300): Zabriskie Films, Polyph\u00e8me, AVC Rainbow, Studio Durieux, Vid\u00e9omix, Garance, Image Cr\u00e9ation, T\u00e9l\u00e9sambre, Studio Uranus, Concept Image, Laura Productions, M\u00e9diatone, M\u00e9diason, HO Communications, RTBF Productions, PPR Fiction, To do today, Jade Productions, IDO, Lipping Productions, Louvrange Broadcast, Tandem productions, etc..<\/p>\n\n\n\n<p class=\"has-primary-color has-background-background-color has-text-color has-background has-small-font-size\">&#8211; Dessins anim\u00e9s&nbsp;: Animage Cartoons, Studio Kemp<\/p>\n\n\n\n<p class=\"has-primary-color has-background-background-color has-text-color has-background has-small-font-size\">&#8211; T\u00e9l\u00e9films&nbsp;: Marc Lobet<\/p>\n\n\n\n<p class=\"has-primary-color has-background-background-color has-text-color has-background has-small-font-size\">&#8211; Documentaires&nbsp;: Pierre Delattre, Z Company, Tandem Productions, Louvrange Broadcast, Iota Productions<\/p>\n\n\n\n<p class=\"has-primary-color has-background-background-color has-text-color has-background has-small-font-size\">&#8211; Long m\u00e9trages&nbsp;: \u201c&nbsp;No man&rsquo;s Love&nbsp;\u201d (Nidhal Chatta), prim\u00e9 au festival de Carthage. Enregistrement et orchestrations du long m\u00e9trage \u201c&nbsp;le festin de la mante&nbsp;\u201d (Marc Levie)<\/p>\n\n\n\n<p class=\"has-primary-color has-background-background-color has-text-color has-background has-small-font-size\"><em><strong>&#8211; Com\u00e9dies musicales&nbsp;:<\/strong><\/em><\/p>\n\n\n\n<p class=\"has-primary-color has-background-background-color has-text-color has-background has-small-font-size\">&#8211; Composition &amp; orchestrations pour l&rsquo;asbl \u201c l&rsquo;enfant des \u00e9toiles&nbsp;\u201d (Rixensart): Le Petit Prince -Le Magicien d&rsquo;Oz &#8211; Lune Bleue \u2013 Thyl &#8211; L&rsquo;histoire sans Fin \u2013 Cilia &#8211; M\u00e9lisande.<\/p>\n\n\n\n<p class=\"has-primary-color has-background-background-color has-text-color has-background has-small-font-size\">&#8211; Composition &amp; orchestrations pour \u00ab&nbsp;une noce \u00e0 Cana&nbsp;\u00bb (Lyon)<\/p>\n\n\n\n<p class=\"has-primary-color has-background-background-color has-text-color has-background has-small-font-size\">&#8211; Orchestrations pour \u00ab\u00a0Balladino\u00a0\u00bb (de Julie River &amp; Isabelle Rigaux)<\/p>\n\n\n\n<p class=\"has-primary-color has-background-background-color has-text-color has-background has-small-font-size\"><em><strong>&#8211; Autres<\/strong><\/em><\/p>\n\n\n\n<p class=\"has-primary-color has-background-background-color has-text-color has-background has-small-font-size\">Concerts en soliste de musique \u00e9lectronique et \u00ab\u00a0Concerts-conf\u00e9rences\u00a0\u00bb. Composition de musique de sc\u00e8ne (th\u00e9\u00e2tre du heurtoir, th\u00e9\u00e2tre isoc\u00e8le&#8230;)<\/p>\n\n\n\n<p class=\"has-primary-color has-background-background-color has-text-color has-background has-small-font-size\">Symphonie pour orchestre \u00e0 cordes: \u00ab\u00a0Modus Vivendi\u00a0\u00bb (cr\u00e9\u00e9e en 1994), plusieurs quatuors \u00e0 cordes, concerto pour synth\u00e9tiseur et orchestre (cr\u00e9\u00e9 en 1997), concerto pour fl\u00fbte et orchestre (cr\u00e9\u00e9 en 1998), concerto pour fl\u00fbte et guitare (cr\u00e9\u00e9 en 2005), concerto pour violon et alto (cr\u00e9\u00e9 en 2008), suite pour orchestre \u00e0 cordes (cr\u00e9\u00e9e en 2008), concerto pour hautbois et synth\u00e9tiseur (cr\u00e9\u00e9 en 2008).<\/p>\n\n\n\n<p class=\"has-primary-color has-background-background-color has-text-color has-background has-small-font-size\">Accompagnateur et orchestrateur pour Gibus (1 LP, 6 CD et 12 K7) (1986-2000)<\/p>\n\n\n\n<p class=\"has-primary-color has-background-background-color has-text-color has-background has-small-font-size\">Accompagnateur et orchestrateur pour Theo Mertens (1994-&#8230;)<\/p>\n\n\n\n<p class=\"has-primary-color has-background-background-color has-text-color has-background has-small-font-size\">Accompagnateur et orchestrateur pour Ellen Roussel (chanson pour enfants ) (1997-&#8230;)<\/p>\n\n\n\n<p class=\"has-primary-color has-background-background-color has-text-color has-background has-small-font-size\">Concerts en trio \u00ab\u00a0Long Haired Lady\u00a0\u00bb, avec Charles Loos et Dominique Lawalr\u00e9e<\/p>\n\n\n\n<p class=\"has-primary-color has-background-background-color has-text-color has-background has-small-font-size\">Concerts avec le trio \u00ab&nbsp;LHAHMH&nbsp;\u00bb (Aline et Marie Henrion)<\/p>\n\n\n\n<p class=\"has-primary-color has-background-background-color has-text-color has-background has-small-font-size\">Concerts en duo avec Marie Henrion: \u00ab\u00a0Dad and me\u00a0\u00bb<\/p>\n\n\n\n<p class=\"has-primary-color has-background-background-color has-text-color has-background has-small-font-size\">Concerts litt\u00e9raires en duo avec Brigitte Scarc\u00e9riaux: \u00ab&nbsp;Musique &amp; mots de passage&nbsp;\u00bb, \u00ab&nbsp;Musique &amp; mots de voyage&nbsp;\u00bb<\/p>\n\n\n\n<p class=\"has-primary-color has-background-background-color has-text-color has-background has-small-font-size\"><strong>Sonorisation<\/strong><\/p>\n\n\n\n<p class=\"has-primary-color has-background-background-color has-text-color has-background has-small-font-size\">Ing\u00e9nieur du son pour Julos Beaucarne, Theo Mertens, Bradyaga, Bernard l\u2019Hoir ensemble, Tacoma, concert du 13 f\u00e9vrier 2006 Aula Magna (LLN) avec Renaud, Hughes Aufray, Julos, Marka, Perry Rose, etc, etc (<a href=\"http:\/\/www.13fevrier.be\/\">http:\/\/www.13fevrier.be\/webconcert<\/a>) Sonorisations pour l&rsquo;Opera Studio (Gent), le Th\u00e9\u00e2tre d&rsquo;un jour, The Flying toasters, Nouvel Arrivage, Kevin Mulligan, Marc Lelangue, Dreamscape, Handcraft, Charles Loos (diverses formations), Else Duyck quartet, Sylvain Luc, Pierre Debauche, Phil Abraham trio, Beno\u00eet Mansion, Anne Wolf quartet, Jef Neve trio, Olivier Collette quartet, Mary Kay quartet, Weber Iago, Philipe Catherine &amp; Nathalie Loriers, f\u00eate africaine au Mus\u00e9e de Tervuren, etc \u2026<\/p>\n\n\n\n<p class=\"has-primary-color has-background-background-color has-text-color has-background has-small-font-size\">Sonorisation et orchestrations pour les f\u00eates St-Martin (Tourinnes-la-Grosse) chaque ann\u00e9e de 1995 \u00e0 2019.<\/p>\n\n\n\n<p class=\"has-primary-color has-background-background-color has-text-color has-background has-small-font-size\">Nombreuses prestations pour le festival de Wallonie.<\/p>\n\n\n\n<p class=\"has-primary-color has-background-background-color has-text-color has-background has-small-font-size\"><strong>Enregistrements<\/strong><\/p>\n\n\n\n<p class=\"has-primary-color has-background-background-color has-text-color has-background has-small-font-size\">Ing\u00e9nieur du son et\/ou musicien (claviers, basse, guitares, percussions, programmation.) pour de tr\u00e8s nombreux albums, de musique classique en particulier (+\/- 120 CD&rsquo;s&nbsp;?&nbsp;: labels Naxos, Contr\u00e9clisse, Talent Records, Ema Vinci, Fragoso &#8230;), mais aussi le double album en public de Julos Beaucarne, sorti en juin 2002: \u00ab&nbsp;chansons d&rsquo;amour&nbsp;\u00bb et son dernier album \u00ab\u00a0le balbuzard fluviatile\u00a0\u00bb, ainsi que de nombreux autres artistes: Aquiles Delle Vigne (int\u00e9grale des sonates de Beethoven), Irina Lankova, Nadine Deletaille, Nicolas Deletaille, Alain Roudier, Nicolas Roudier, Luc Tooten, Vanessa Gerkens, Mouna Ghafir, Jean-Luc Pierret, Barbara d&rsquo;Alcantara, captations th\u00e9\u00e2tre pour les AML, th\u00e9\u00e2tre Papyrus, etc, etc&#8230;)<\/p>\n\n\n\n<p class=\"has-primary-color has-background-background-color has-text-color has-background has-small-font-size\"><strong>Divers<\/strong><\/p>\n\n\n\n<p class=\"has-primary-color has-background-background-color has-text-color has-background has-small-font-size\">Conf\u00e9rences et supervision de m\u00e9moires pour l&rsquo;IAD (\u00ab\u00a0la synth\u00e8se FM\u00a0\u00bb, \u00ab\u00a0la conversion audio vers MIDI\u00a0\u00bb&#8230;)<\/p>\n\n\n\n<p class=\"has-primary-color has-background-background-color has-text-color has-background has-small-font-size\">Collaborateur (\u00ab\u00a0alpha-tester\u00a0\u00bb) pour la section logicielle du syst\u00e8me d&rsquo;enregistrement num\u00e9rique professionnel multipiste \u00ab\u00a0Soundscape\/SSL\u00a0\u00bb. http:\/\/www.solid-state-logic.com\/music\/soundscape\/<\/p>\n\n\n\n<p class=\"has-primary-color has-background-background-color has-text-color has-background has-small-font-size\">Beta-tester pour le synth\u00e9tiseur Fusion Alesis<\/p>\n\n\n\n<p class=\"has-primary-color has-background-background-color has-text-color has-background has-small-font-size\">D\u00e9monstrateur ou \u00ab\u00a0consultant\u00a0\u00bb aux salons professionnels de l&rsquo;audio (ACF-Bruxelles, IBC-Rotterdam, AES-Paris&#8230;).<\/p>\n\n\n\n<p class=\"has-primary-color has-background-background-color has-text-color has-background has-small-font-size\">Conf\u00e9rences\/stages d&rsquo;informatique musicale pour les Jeunesses Musicales (Namur).<\/p>\n\n\n\n<p class=\"has-primary-color has-background-background-color has-text-color has-background has-small-font-size\">Installation de studios (Burkina Faso, Kivu, Bruxelles.), installation de mat\u00e9riel de sonorisation (restaurants, salles de spectacle, librairie de l&rsquo;UOPC,&#8230;).<\/p>\n<\/div><\/div>\n","protected":false},"excerpt":{"rendered":"<p>N\u00e9 \u00e0 Anderlecht, le 29-06-1954, mari\u00e9, p\u00e8re de trois enfants, grand-p\u00e8re de sept (7!) petits-enfants Formation Etudes gr\u00e9co-latines, licence en philologie romane (UCL), prix de conservatoire en solf\u00e8ge et piano (conservatoire de Namur). Cours par correspondance en \u00e9lectronique. Autodidacte en guitare, guitare basse, harmonica, percussions, etc. Autodidacte dans les domaines de la prise de son, [&hellip;]<\/p>\n","protected":false},"author":1,"featured_media":0,"parent":0,"menu_order":0,"comment_status":"closed","ping_status":"closed","template":"","meta":{"footnotes":""},"class_list":["post-25","page","type-page","status-publish","hentry"],"_links":{"self":[{"href":"https:\/\/luc-henrion.be\/index.php\/wp-json\/wp\/v2\/pages\/25","targetHints":{"allow":["GET"]}}],"collection":[{"href":"https:\/\/luc-henrion.be\/index.php\/wp-json\/wp\/v2\/pages"}],"about":[{"href":"https:\/\/luc-henrion.be\/index.php\/wp-json\/wp\/v2\/types\/page"}],"author":[{"embeddable":true,"href":"https:\/\/luc-henrion.be\/index.php\/wp-json\/wp\/v2\/users\/1"}],"replies":[{"embeddable":true,"href":"https:\/\/luc-henrion.be\/index.php\/wp-json\/wp\/v2\/comments?post=25"}],"version-history":[{"count":11,"href":"https:\/\/luc-henrion.be\/index.php\/wp-json\/wp\/v2\/pages\/25\/revisions"}],"predecessor-version":[{"id":138,"href":"https:\/\/luc-henrion.be\/index.php\/wp-json\/wp\/v2\/pages\/25\/revisions\/138"}],"wp:attachment":[{"href":"https:\/\/luc-henrion.be\/index.php\/wp-json\/wp\/v2\/media?parent=25"}],"curies":[{"name":"wp","href":"https:\/\/api.w.org\/{rel}","templated":true}]}}

<div class="wp-block-group"><div class="wp-block-group__inner-container is-layout-flow wp-block-group-is-layout-flow">
<p class="has-primary-color has-background-background-color has-text-color has-background has-small-font-size">Né à Anderlecht, le 29-06-1954, marié, père de trois enfants, grand-père de sept (7!) petits-enfants</p>



<p class="has-primary-color has-background-background-color has-text-color has-background has-small-font-size"><strong>Formation</strong></p>



<p class="has-primary-color has-background-background-color has-text-color has-background has-small-font-size">Etudes gréco-latines, licence en philologie romane (UCL), prix de conservatoire en solfège et piano (conservatoire de Namur).</p>



<p class="has-primary-color has-background-background-color has-text-color has-background has-small-font-size">Cours par correspondance en électronique. Autodidacte en guitare, guitare basse, harmonica, percussions, etc. Autodidacte dans les domaines de la prise de son, de l&rsquo;informatique et des synthétiseurs.</p>



<p class="has-primary-color has-background-background-color has-text-color has-background has-small-font-size"><strong>Expérience professionnelle</strong></p>



<p class="has-primary-color has-background-background-color has-text-color has-background has-small-font-size">Professeur de musique dans l&rsquo;enseignement secondaire &#8211; Bxl (1978-1982)</p>



<p class="has-primary-color has-background-background-color has-text-color has-background has-small-font-size">Ingénieur du son &#8211; Media Animation (1983)</p>



<p class="has-primary-color has-background-background-color has-text-color has-background has-small-font-size">Vendeur spécialisé en synthétiseurs et matériel audio professionnel (1984-1986)</p>



<p class="has-primary-color has-background-background-color has-text-color has-background has-small-font-size">Studio d&rsquo;enregistrement et de post-production indépendant (1986-&#8230;)</p>



<p class="has-primary-color has-background-background-color has-text-color has-background has-small-font-size">Chroniqueur pour le mensuel Meet Music Magazine (tests de claviers, matériel audio professionnel, et articles de vulgarisation) (1991-2002)</p>



<p class="has-primary-color has-background-background-color has-text-color has-background has-small-font-size"><strong>Compositeur &#8211; musicien</strong></p>



<p class="has-primary-color has-background-background-color has-text-color has-background has-small-font-size"><em><strong>&#8211; Musiques de films</strong></em></p>



<p class="has-primary-color has-background-background-color has-text-color has-background has-small-font-size">&#8211; Institutionnels &amp; publicitaires (+ de 300): Zabriskie Films, Polyphème, AVC Rainbow, Studio Durieux, Vidéomix, Garance, Image Création, Télésambre, Studio Uranus, Concept Image, Laura Productions, Médiatone, Médiason, HO Communications, RTBF Productions, PPR Fiction, To do today, Jade Productions, IDO, Lipping Productions, Louvrange Broadcast, Tandem productions, etc..</p>



<p class="has-primary-color has-background-background-color has-text-color has-background has-small-font-size">&#8211; Dessins animés&nbsp;: Animage Cartoons, Studio Kemp</p>



<p class="has-primary-color has-background-background-color has-text-color has-background has-small-font-size">&#8211; Téléfilms&nbsp;: Marc Lobet</p>



<p class="has-primary-color has-background-background-color has-text-color has-background has-small-font-size">&#8211; Documentaires&nbsp;: Pierre Delattre, Z Company, Tandem Productions, Louvrange Broadcast, Iota Productions</p>



<p class="has-primary-color has-background-background-color has-text-color has-background has-small-font-size">&#8211; Long métrages&nbsp;: “&nbsp;No man&rsquo;s Love&nbsp;” (Nidhal Chatta), primé au festival de Carthage. Enregistrement et orchestrations du long métrage “&nbsp;le festin de la mante&nbsp;” (Marc Levie)</p>



<p class="has-primary-color has-background-background-color has-text-color has-background has-small-font-size"><em><strong>&#8211; Comédies musicales&nbsp;:</strong></em></p>



<p class="has-primary-color has-background-background-color has-text-color has-background has-small-font-size">&#8211; Composition &amp; orchestrations pour l&rsquo;asbl “ l&rsquo;enfant des étoiles&nbsp;” (Rixensart): Le Petit Prince -Le Magicien d&rsquo;Oz &#8211; Lune Bleue – Thyl &#8211; L&rsquo;histoire sans Fin – Cilia &#8211; Mélisande.</p>



<p class="has-primary-color has-background-background-color has-text-color has-background has-small-font-size">&#8211; Composition &amp; orchestrations pour «&nbsp;une noce à Cana&nbsp;» (Lyon)</p>



<p class="has-primary-color has-background-background-color has-text-color has-background has-small-font-size">&#8211; Orchestrations pour « Balladino » (de Julie River &amp; Isabelle Rigaux)</p>



<p class="has-primary-color has-background-background-color has-text-color has-background has-small-font-size"><em><strong>&#8211; Autres</strong></em></p>



<p class="has-primary-color has-background-background-color has-text-color has-background has-small-font-size">Concerts en soliste de musique électronique et « Concerts-conférences ». Composition de musique de scène (théâtre du heurtoir, théâtre isocèle&#8230;)</p>



<p class="has-primary-color has-background-background-color has-text-color has-background has-small-font-size">Symphonie pour orchestre à cordes: « Modus Vivendi » (créée en 1994), plusieurs quatuors à cordes, concerto pour synthétiseur et orchestre (créé en 1997), concerto pour flûte et orchestre (créé en 1998), concerto pour flûte et guitare (créé en 2005), concerto pour violon et alto (créé en 2008), suite pour orchestre à cordes (créée en 2008), concerto pour hautbois et synthétiseur (créé en 2008).</p>



<p class="has-primary-color has-background-background-color has-text-color has-background has-small-font-size">Accompagnateur et orchestrateur pour Gibus (1 LP, 6 CD et 12 K7) (1986-2000)</p>



<p class="has-primary-color has-background-background-color has-text-color has-background has-small-font-size">Accompagnateur et orchestrateur pour Theo Mertens (1994-&#8230;)</p>



<p class="has-primary-color has-background-background-color has-text-color has-background has-small-font-size">Accompagnateur et orchestrateur pour Ellen Roussel (chanson pour enfants ) (1997-&#8230;)</p>



<p class="has-primary-color has-background-background-color has-text-color has-background has-small-font-size">Concerts en trio « Long Haired Lady », avec Charles Loos et Dominique Lawalrée</p>



<p class="has-primary-color has-background-background-color has-text-color has-background has-small-font-size">Concerts avec le trio «&nbsp;LHAHMH&nbsp;» (Aline et Marie Henrion)</p>



<p class="has-primary-color has-background-background-color has-text-color has-background has-small-font-size">Concerts en duo avec Marie Henrion: « Dad and me »</p>



<p class="has-primary-color has-background-background-color has-text-color has-background has-small-font-size">Concerts littéraires en duo avec Brigitte Scarcériaux: «&nbsp;Musique &amp; mots de passage&nbsp;», «&nbsp;Musique &amp; mots de voyage&nbsp;»</p>



<p class="has-primary-color has-background-background-color has-text-color has-background has-small-font-size"><strong>Sonorisation</strong></p>



<p class="has-primary-color has-background-background-color has-text-color has-background has-small-font-size">Ingénieur du son pour Julos Beaucarne, Theo Mertens, Bradyaga, Bernard l’Hoir ensemble, Tacoma, concert du 13 février 2006 Aula Magna (LLN) avec Renaud, Hughes Aufray, Julos, Marka, Perry Rose, etc, etc (<a href="http://www.13fevrier.be/">http://www.13fevrier.be/webconcert</a>) Sonorisations pour l&rsquo;Opera Studio (Gent), le Théâtre d&rsquo;un jour, The Flying toasters, Nouvel Arrivage, Kevin Mulligan, Marc Lelangue, Dreamscape, Handcraft, Charles Loos (diverses formations), Else Duyck quartet, Sylvain Luc, Pierre Debauche, Phil Abraham trio, Benoît Mansion, Anne Wolf quartet, Jef Neve trio, Olivier Collette quartet, Mary Kay quartet, Weber Iago, Philipe Catherine &amp; Nathalie Loriers, fête africaine au Musée de Tervuren, etc …</p>



<p class="has-primary-color has-background-background-color has-text-color has-background has-small-font-size">Sonorisation et orchestrations pour les fêtes St-Martin (Tourinnes-la-Grosse) chaque année de 1995 à 2019.</p>



<p class="has-primary-color has-background-background-color has-text-color has-background has-small-font-size">Nombreuses prestations pour le festival de Wallonie.</p>



<p class="has-primary-color has-background-background-color has-text-color has-background has-small-font-size"><strong>Enregistrements</strong></p>



<p class="has-primary-color has-background-background-color has-text-color has-background has-small-font-size">Ingénieur du son et/ou musicien (claviers, basse, guitares, percussions, programmation.) pour de très nombreux albums, de musique classique en particulier (+/- 120 CD&rsquo;s&nbsp;?&nbsp;: labels Naxos, Contréclisse, Talent Records, Ema Vinci, Fragoso &#8230;), mais aussi le double album en public de Julos Beaucarne, sorti en juin 2002: «&nbsp;chansons d&rsquo;amour&nbsp;» et son dernier album « le balbuzard fluviatile », ainsi que de nombreux autres artistes: Aquiles Delle Vigne (intégrale des sonates de Beethoven), Irina Lankova, Nadine Deletaille, Nicolas Deletaille, Alain Roudier, Nicolas Roudier, Luc Tooten, Vanessa Gerkens, Mouna Ghafir, Jean-Luc Pierret, Barbara d&rsquo;Alcantara, captations théâtre pour les AML, théâtre Papyrus, etc, etc&#8230;)</p>



<p class="has-primary-color has-background-background-color has-text-color has-background has-small-font-size"><strong>Divers</strong></p>



<p class="has-primary-color has-background-background-color has-text-color has-background has-small-font-size">Conférences et supervision de mémoires pour l&rsquo;IAD (« la synthèse FM », « la conversion audio vers MIDI »&#8230;)</p>



<p class="has-primary-color has-background-background-color has-text-color has-background has-small-font-size">Collaborateur (« alpha-tester ») pour la section logicielle du système d&rsquo;enregistrement numérique professionnel multipiste « Soundscape/SSL ». http://www.solid-state-logic.com/music/soundscape/</p>



<p class="has-primary-color has-background-background-color has-text-color has-background has-small-font-size">Beta-tester pour le synthétiseur Fusion Alesis</p>



<p class="has-primary-color has-background-background-color has-text-color has-background has-small-font-size">Démonstrateur ou « consultant » aux salons professionnels de l&rsquo;audio (ACF-Bruxelles, IBC-Rotterdam, AES-Paris&#8230;).</p>



<p class="has-primary-color has-background-background-color has-text-color has-background has-small-font-size">Conférences/stages d&rsquo;informatique musicale pour les Jeunesses Musicales (Namur).</p>



<p class="has-primary-color has-background-background-color has-text-color has-background has-small-font-size">Installation de studios (Burkina Faso, Kivu, Bruxelles.), installation de matériel de sonorisation (restaurants, salles de spectacle, librairie de l&rsquo;UOPC,&#8230;).</p>
</div></div>

<p>Né à Anderlecht, le 29-06-1954, marié, père de trois enfants, grand-père de sept (7!) petits-enfants Formation Etudes gréco-latines, licence en philologie romane (UCL), prix de conservatoire en solfège et piano (conservatoire de Namur). Cours par correspondance en électronique. Autodidacte en guitare, guitare basse, harmonica, percussions, etc. Autodidacte dans les domaines de la prise de son, [&hellip;]</p>
